it of 3285?
5
What is the hundreds digit of 18828?
8
What is the hundreds digit of 12342?
3
What is the thousands digit of 10190?
0
What is the units digit of 51754?
4
What is the units digit of 3444?
4
What is the tens digit of 15783?
8
What is the tens digit of 30533?
3
What is the units digit of 1663?
3
What is the units digit of 2576?
6
What is the thousands digit of 4743?
4
What is the hundreds digit of 5966?
9
What is the tens digit of 3404?
0
What is the tens digit of 38498?
9
What is the thousands digit of 3934?
3
What is the thousands digit of 4018?
4
What is the tens digit of 762?
6
What is the thousands digit of 113219?
3
What is the hundreds digit of 859?
8
What is the hundreds digit of 2523?
5
What is the tens digit of 1511?
1
What is the hundreds digit of 1450?
4
What is the hundreds digit of 20232?
2
What is the units digit of 77339?
9
What is the tens digit of 1870?
7
What is the hundreds digit of 441?
4
What is the thousands digit of 2003?
2
What is the hundreds digit of 18140?
1
What is the units digit of 3472?
2
What is the ten thousands digit of 50474?
5
What is the hundreds digit of 546?
5
What is the units digit of 1200?
0
What is the hundreds digit of 4580?
5
What is the units digit of 352?
2
What is the tens digit of 1202?
0
What is the hundreds digit of 4078?
0
What is the thousands digit of 3495?
3
What is the hundreds digit of 1561?
5
What is the hundreds digit of 30909?
9
What is the ten thousands digit of 15172?
1
What is the units digit of 9436?
6
What is the hundreds digit of 20386?
3
What is the units digit of 42149?
9
What is the ten thousands digit of 11811?
1
What is the hundreds digit of 514?
5
What is the tens digit of 964?
6
What is the ten thousands digit of 149416?
4
What is the tens digit of 5899?
9
What is the tens digit of 547?
4
What is the hundreds digit of 2247?
2
What is the tens digit of 13438?
3
What is the units digit of 41275?
5
What is the thousands digit of 5520?
5
What is the thousands digit of 47744?
7
What is the units digit of 1249?
9
What is the thousands digit of 48886?
8
What is the thousands digit of 2897?
2
What is the tens digit of 54798?
9
What is the units digit of 2772?
2
What is the ten thousands digit of 158120?
5
What is the hundreds digit of 17989?
9
What is the units digit of 1261?
1
What is the units digit of 546?
6
What is the units digit of 879?
9
What is the units digit of 4513?
3
What is the tens digit of 25674?
7
What is the units digit of 75333?
3
What is the units digit of 4053?
3
What is the tens digit of 910?
1
What is the tens digit of 291?
9
What is the hundreds digit of 32721?
7
What is the hundreds digit of 1351?
3
What is the hundreds digit of 38448?
4
What is the hundreds digit of 888?
8
What is the units digit of 436?
6
What is the ten thousands digit of 10725?
1
What is the ten thousands digit of 13546?
1
What is the units digit of 302?
2
What is the units digit of 28933?
3
What is the units digit of 6356?
6
What is the tens digit of 2805?
0
What is the tens digit of 1030?
3
What is the thousands digit of 31861?
1
What is the thousands digit of 5666?
5
What is the thousands digit of 3171?
3
What is the units digit of 60416?
6
What is the thousands digit of 35064?
5
What is the hundreds digit of 686?
6
What is the thousands digit of 2461?
2
What is the tens digit of 3323?
2
What is the hundreds digit of 77740?
7
What is the thousands digit of 18148?
8
What is the hundreds digit of 61209?
2
What is the hundreds digit of 36233?
2
What is the thousands digit of 1700?
1
What is the units digit of 16352?
2
What is the tens digit of 1771?
7
What is the thousands digit of 48751?
8
What is the tens digit of 1785?
8
What is the thousands digit of 8051?
8
What is the units digit of 10507?
7
What is the thousands digit of 162218?
2
What is the units digit of 1174?
4
What is the thousands digit of 1855?
1
What is the hundreds digit of 526?
5
What is the tens digit of 90124?
2
What is the thousands digit of 2420?
2
What is the tens digit of 6383?
8
What is the tens digit of 14642?
4
What is the units digit of 1185?
5
What is the hundreds digit of 24330?
3
What is the thousands digit of 8231?
8
What is the thousands digit of 6909?
6
What is the thousands digit of 3382?
3
What is the units digit of 1051?
1
What is the units digit of 271?
1
What is the units digit of 86528?
8
What is the hundreds digit of 27060?
0
What is the tens digit of 3544?
4
What is the hundreds digit of 87888?
8
What is the tens digit of 1762?
6
What is the thousands digit of 9311?
9
What is the units digit of 1638?
8
What is the tens digit of 2938?
3
What is the units digit of 30871?
1
What is the tens digit of 1084?
8
What is the units digit of 1188?
8
What is the tens digit of 12958?
5
What is the tens digit of 53818?
1
What is the tens digit of 63589?
8
What is the thousands digit of 3915?
3
What is the ten thousands digit of 23363?
2
What is the units digit of 50?
0
What is the tens digit of 224?
2
What is the units digit of 26702?
2
What is the tens digit of 54936?
3
What is the hundreds digit of 340?
3
What is the hundreds digit of 7383?
3
What is the tens digit of 9499?
9
What is the thousands digit of 2256?
2
What is the hundreds digit of 45944?
9
What is the tens digit of 910?
1
What is the tens digit of 4938?
3
What is the hundreds digit of 12096?
0
What is the units digit of 705?
5
What is the units digit of 812?
2
What is the units digit of 515?
5
What is the ten thousands digit of 15243?
1
What is the tens digit of 4308?
0
What is the units digit of 3331?
1
What is the hundreds digit of 2565?
5
What is the tens digit of 2601?
0
What is the thousands digit of 1350?
1
What is the thousands digit of 8336?
8
What is the thousands digit of 31362?
1
What is the tens digit of 24942?
4
What is the tens digit of 6358?
5
What is the hundreds digit of 523?
5
What is the tens digit of 2866?
6
What is the thousands digit of 4069?
4
What is the tens digit of 29633?
3
What is the units digit of 1323?
3
What is the hundreds digit of 814?
8
What is the units digit of 8338?
8
What is the hundreds digit of 75038?
0
What is the tens digit of 766?
6
What is the hundreds digit of 1680?
6
What is the units digit of 7753?
3
What is the units digit of 132018?
8
What is the units digit of 80977?
7
What is the thousands digit of 6568?
6
What is the units digit of 46931?
1
What is the units digit of 1462?
2
What is the hundred thousands digit of 119533?
1
What is the units digit of 1716?
6
What is the tens digit of 1978?
7
What is the hundreds digit of 1664?
6
What is the units digit of 5?
5
What is the thousands digit of 4452?
4
What is the thousands digit of 4960?
4
What is the units digit of 137?
7
What is the units digit of 988?
8
What is the units digit of 5204?
4
What is the hundreds digit of 2326?
3
What is the hundreds digit of 15187?
1
What is the ten thousands digit of 12292?
1
What is the tens digit of 3522?
2
What is the tens digit of 288?
8
What is the units digit of 155?
5
What is the ten thousands digit of 23680?
2
What is the hundreds digit of 2318?
3
What is the hundreds digit of 23052?
0
What is the thousands digit of 6371?
6
What is the hundreds digit of 753?
7
What is the units digit of 1688?
8
What is the units digit of 61547?
7
What is the hundreds digit of 617?
6
What is the tens digit of 416?
1
What is the hundreds digit of 615?
6
What is the units digit of 6839?
9
What is the hundreds digit of 95380?
3
What is the hundreds digit of 5896?
8
What is the units digit of 1142?
2
What is the units digit of 2115?
5
What is the hundreds digit of 8379?
3
What is the tens digit of 301?
0
What is the hundreds digit of 85550?
5
What is the tens digit of 21213?
1
What is the units digit of 2409?
9
What is the tens digit of 987?
8
What is the hundreds digit of 2508?
5
What is the hundreds digit of 25139?
1
What is the hundreds digit of 528?
5
What is the ten thousands digit of 67206?
6
What is the hundreds digit of 1579?
5
What is the hundreds digit of 10943?
9
What is the tens digit of 99893?
9
What is the thousands digit of 30673?
0
What is the units digit of 1394?
4
What is the hundreds digit of 74755?
7
What is the tens digit of 373?
7
What is the units digit of 17164?
4
What is the thousands 